 + 210. Determine j(-46).
-112
Let n(w) = w**2 - 321*w + 22104. Determine n(100).
4
Let z(n) = -n**3 + 31*n**2 + 38*n - 198. Give z(32).
-6
Let o(z) = -2*z**3 + 77*z**2 - 397*z - 2113. What is o(31)?
-5
Let s(g) = -g**3 + 43*g**2 + 56*g - 4110. What is s(42)?
6
Let r(z) = 2*z**2 - 13*z + 21. Calculate r(5).
6
Let l(y) = -296*y - 3552. Give l(-12).
0
Let f(p) = 396*p + 21391. Calculate f(-54).
7
Let r(a) = -68*a**2 + 135*a + 5. Determine r(2).
3
Let i(d) = -2049*d - 10087. Calculate i(-5).
158
Let a(g) = 11*g**2 + 828*g - 610. Determine a(-76).
-2
Let f(p) = p**3 - 8*p**2 - 17*p + 162. Give f(6).
-12
Let i(q) = 362*q - 1091. What is i(3)?
-5
Let g(q) = 44*q**2 + q - 7. Determine g(1).
38
Let d(j) = -2*j**3 + 34*j**2 - 121*j + 925. What is d(15)?
10
Let o(h) = h**3 - 20*h**2 + 61*h + 30. What is o(16)?
-18
Let h(y) = -11*y**2 - 303*y - 304. Calculate h(-1).
-12
Let d(o) = o**3 + 62*o**2 + 393*o + 445. What is d(-55)?
5
Let o(x) = -x**3 - x**2 - 3*x - 99. What is o(0)?
-99
Let v(h) = 897*h + 15180. Calculate v(-17).
-69
Let q(m) = -58*m**2 + 8*m + 23. Calculate q(-2).
-225
Let p(n) = n**3 - 35*n**2 + 257*n + 43. Give p(24).
-125
Let u(h) = 8*h**2 + 232*h - 10. Calculate u(-30).
230
Let q(d) = -17*d - 228. Give q(-13).
-7
Let t(p) = -419*p - 2082. What is t(-5)?
13
Let p(o) = -481*o + 1315. Determine p(3).
-128
Let i(k) = k**3 - 28*k**2 - 48*k + 560. Determine i(29).
9
Let q(u) = -4*u**3 + 4*u**2 + 101*u + 291. What is q(-3)?
132
Let b(w) = -62*w**3 - 619*w**2 - 7*w + 26. Determine b(-10).
196
Let c(r) = -66*r - 6469. What is c(-98)?
-1
Let j(b) = -2*b**3 + 7*b**2 - 11*b + 2. Give j(4).
-58
Let u(a) = -a**3 + 34*a**2 + 85*a - 55. Calculate u(36).
413
Let t(x) = 1839*x - 3694. Give t(2).
-16
Let v(p) = 5*p**3 - 11*p**2 - 26*p - 2. Give v(-2).
-34
Let z(y) = -8*y**2 - 25. Determine z(0).
-25
Let d(o) = 360*o - 6510. What is d(18)?
-30
Let s(x) = 157*x + 7229. Give s(-46).
7
Let n(k) = 5*k + 27. What is n(19)?
122
Let g(z) = -667*z + 21347. Calculate g(32).
3
Let w(p) = -189*p**2 + 5103*p - 3. What is w(27)?
-3
Let c(x) = 206*x - 16280. Give c(79).
-6
Let l(h) = -19*h + 599. What is l(16)?
295
Let y(h) = h**3 - 36*h**2 + 110*h + 135. Give y(4).
63
Let i(y) = 27*y**3 - y**2 - 3*y - 22. What is i(0)?
-22
Let d(p) = 2*p - 141. Give d(-70).
-281
Let c(m) = -145*m - 246. What is c(-2)?
44
Let d(q) = -q**3 + 9*q**2 - 5*q - 35. Calculate d(7).
28
Let p(y) = -y**2 - 3071*y + 3071. Determine p(1).
-1
Let j(d) = -76*d - 1598. What is j(-21)?
-2
Let f(i) = 1783*i - 12521. What is f(7)?
-40
Let j(v) = -2*v**2 - 142*v + 7412. What is j(35)?
-8
Let d(j) = 3*j**2 - 137*j + 13. Determine d(0).
13
Let q(d) = 2146*d + 15078. Give q(-7).
56
Let s(v) = 23626*v + 94501. Calculate s(-4).
-3
Let z(g) = 6*g**2 + 17*g + 20. Determine z(-1).
9
Let w(h) = -4361*h + 34884. Determine w(8).
-4
Let o(j) = -17*j**2 - 256*j - 251. Calculate o(-14).
1
Let s(h) = -h**2 + 208. What is s(13)?
39
Let k(h) = h**3 - 15*h**2 - 134. Give k(16).
122
Let n(g) = -g**3 - 6*g**2 - 4*g - 13. Give n(-6).
11
Let v(q) = 117*q**2 + 555*q - 116. Give v(-5).
34
Let i(q) = 2*q**3 + 66*q**2 + 56*q - 252. Determine i(-32).
4
Let g(p) = 5*p**2 + 63*p + 14. Calculate g(-12).
-22
Let g(h) = 2*h**3 - 40*h**2 - h + 42. Give g(20).
22
Let b(g) = 1201*g + 19217. What is b(-16)?
1
Let w(k) = -k**3 - 15*k**2 + 28*k - 68. Calculate w(-18).
400
Let r(a) = a**3 - 56*a**2 - 436*a - 294. Determine r(63).
21
Let n(a) = 4*a**2 - 16*a - 26. Give n(6).
22
Let r(c) = 2*c**2 - 64*c - 640. Give r(40).
0
Let s(a) = 5*a**3 - 63*a**2 + 23*a + 12. Determine s(12).
-144
Let b(l) = -21*l + 833. Give b(33).
140
Let q(h) = -h**2 - 16*h - 39. Determine q(-6).
21
Let p(f) = f**2 + 44*f + 291. Determine p(-37).
32
Let p(w) = -w**2 - 57*w - 135. Calculate p(-55).
-25
Let s(w) = -w**2 + 20*w + 13. Calculate s(13).
104
Let b(q) = -q**2 + 2*q + 1306. What is b(-35)?
11
Let k(b) = -b**2 + 56*b + 891. Give k(62).
519
Let u(b) = b**3 - 50*b**2 - 99*b - 229. What is u(52)?
31
Let g(y) = -7*y + 59. Calculate g(11).
-18
Let u(t) = 2*t**2 + 36*t - 81. What is u(-20)?
-1
Let n(y) = y**3 - 27*y**2 + 31*y + 20. Calculate n(26).
150
Let c(j) = 18*j - 359. What is c(21)?
19
Let i(u) = -3058*u - 24372. Give i(-8).
92
Let z(y) = y**2 - 39*y + 60. Calculate z(15).
-300
Let z(n) = -n**3 - 34*n**2 - 9*n + 167. Give z(-33).
-625
Let k(y) = 3*y**2 + 215*y - 216. Give k(1).
2
Let y(t) = -100*t - 1200. What is y(-12)?
0
Let w(z) = -z**2 + 232*z + 15111. Determine w(-53).
6
Let c(s) = -s**3 + 10*s**2 - 177*s + 1289. Calculate c(8).
1
Let x(c) = -c**2 - 58*c + 383. Calculate x(6).
-1
Let j(b) = -454*b + 1760. What is j(4)?
-56
Let g(p) = p**3 - 31*p**2 + 224*p + 56. Calculate g(12).
8
Let f(s) = 190*s - 50. Give f(-1).
-240
Let t(o) = -o**3 - 4*o**2 + 16*o - 18. Give t(-7).
17
Let k(o) = o**3 - 24*o**2 + 132*o - 56. What is k(16)?
8
Let l(y) = -y**3 + 14*y**2 - 210*y + 1961. Give l(11).
14
Let x(l) = l**3 + 8*l**2 - 2100*l + 45. Determine x(42).
45
Let d(t) = -791*t - 786. Give d(-1).
5
Let a(g) = 35*g - 1001. Give a(29).
14
Let w(y) = -y**3 + 60*y**2 - 104*y - 700. Calculate w(58).
-4
Let a(x) = -x**2 + 103*x - 302. Calculate a(3).
-2
Let a(m) = 8*m**2 - 18*m - 108. Give a(5).
2
Let o(a) = 349*a - 13866. Calculate o(40).
94
Let h(u) = 23*u - 19. Give h(-1).
-42
Let j(f) = -11*f**2 - 56*f - 7. Determine j(-5).
-2
Let b(t) = -78*t + 5026. What is b(64)?
34
Let p(v) = v**3 - 52*v**2 + 109*v - 458. Calculate p(50).
-8
Let t(p) = 2095*p - 10478. Give t(5).
-3
Let n(d) = 2*d**2 + 464*d + 24604. Calculate n(-150).
4
Let k(b) = b - 190. Give k(-31).
-221
Let o(c) = 7*c**2 - 130*c + 4. Determine o(18).
-68
Let v(k) = -k**3 - 46*k**2 - 7*k - 325. What is v(-46)?
-3
Let l(b) = -4*b**2 - 111*b + 981. What is l(7)?
8
Let g(h) = -h**3 + 17*h**2 + 140*h - 2233. Give g(18).
-37
Let i(l) = 28*l - 646. Give i(22).
-30
Let i(w) = 790*w + 3137. Give i(-4).
-23
Let m(t) = t + 165. What is m(71)?
236
Let y(p) = 9*p - 121. Calculate y(15).
14
Let y(v) = -2*v**2 - 213*v - 1651. Give y(-8).
-75
Let m(f) = -11*f**2 + 6*f - 4. Calculate m(7).
-501
Let v(n) = n**2 - 380*n + 7891. Determine v(22).
15
Let m(n) = 33*n - 286. Calculate m(9).
11
Let a(k) = 9*k**2 + 109*k + 344. What is a(-6)?
14
Let h(s) = s**2 + 23*s - 968. What is h(22)?
22
Let k(l) = -40*l + 2562. Determine k(64).
2
Let w(s) = -s**3 + s**2 + 16. Calculate w(4).
-32
Let w(n) = -4*n**3 + 21*n**2 - 2*n - 36. Calculate w(5).
-21
Let l(j) = j**3 - 17*j**2 + 79*j - 70. What is l(9)?
-7
Let z(s) = s**3 + 75*s**2 + 79*s + 542. Calculate z(-74).
172
Let l(q) = 3*q + 260. Give l(-81).
17
Let w(f) = -30*f**2 - 1354*f - 144. Calculate w(-45).
36
Let y(w) = -17*w**3 + 392*w**2 - 24*w - 36. Determine y(23).
-59
Let s(j) = 68*j + 90. Calculate s(0).
90
Let u(s) = -s**3 + 15*s**2 - 15*s + 16. Determine u(12).
268
Let j(r) = -r**2 + 150*r + 1270. Give j(-8).
6
Let j(b) = 2*b**2 + 36*b + 103. Determine j(-15).
13
Let c(l) = -2*l**3 + 22*l**2 - 13*l + 17. Give c(11).
-126
Let c(l) = 289*l - 806. Calculate c(3).
61
Let o(n) = n**3 - 26*n**2 + 76*n - 10. Calculate o(4).
-58
Let l(w) = 121*w + 539. Calculate l(-4).
55
Let w(i) = -i**3 - 24*i**2 + 8*i + 223. Calculate w(-24).
31
Let h(s) = 10*s**2 - 4*s + 17. Calculate h(2).
49
Let f(h) = 63*h - 460. What is f(5)?
-145
Let g(s) = -327*s + 6125. Give g(19).
-88
Let j(d) = -4762*d - 33331. Give j(-7).
3
Let m(r) = 910*r + 6376. Calculate m(-7).
6
Let g(n) = -60*n - 366. Calculate g(-5).
-66
Let j(k) = -k**2 + 924*k - 4605. Calculate j(5).
-10
Let w(f) = f**3 + f**2 + 474*f - 1976. Give w(4).
0
Let m(h) = 42*h - 641. Determine m(15).
-11
Let n(x) = -39*x**2 + 141*x - 280. Determine n(2).
-154
Let d(f) = -63*f - 1482. Determine d(-15).
-537
Let n(k) = -2*k**3 - 19*k**2 - 22*k + 26. Give n(-8).
10
Let h(i) = -12*i**2 + 178*i + 33. Calculate h(15).
3
Let h(w) = 9*w + 155. Calculate h(9).
236
Let k(f) = f**3 - 8*f**2 + 3*f + 21. Calculate k(7).
-7
Let d(k) = k**3 + k**2 + 5*k + 266. What is d(0)?
266
Let o(q) = -11*q**2 - 11*q - 2. Give o(4).
-222
Let y(s) = s**3 - 74*s**2 + 137*s + 495. Determine y(72).
-9
Let l(w) = -w**2 + 162*w - 4276. Give l(130).
-116
Let n(p) = -p**3 + 5*p**2 + 11*p + 41. What is n(8)?
-63
Let h(i) = i**3 - 55*i**2 + 238*i + 626. Give h(50).
26
Let f(c) = 5*c**3 + 5*c**2 - 115